tors of 25534916?
2, 11, 580339
List the prime factors of 7091272865.
5, 35897, 39509
List the prime factors of 5038214.
2, 2519107
What are the prime factors of 19743161?
19743161
What are the prime factors of 2938539665?
5, 197, 2983289
List the prime factors of 581487209.
581487209
List the prime factors of 31538768.
2, 71, 27763
What are the prime factors of 77668475?
5, 1307, 2377
List the prime factors of 2917749843.
3, 2017, 5953
List the prime factors of 49304107.
19, 2594953
What are the prime factors of 34676911?
34676911
List the prime factors of 460247471.
509, 904219
What are the prime factors of 32338189?
13, 103, 24151
What are the prime factors of 238459740?
2, 3, 5, 173, 22973
What are the prime factors of 252197374?
2, 11, 13, 19, 46411
List the prime factors of 321273540.
2, 3, 5, 7, 41, 691
List the prime factors of 201724443.
3, 349, 64223
What are the prime factors of 1425715724?
2, 257, 1386883
What are the prime factors of 41793222?
2, 3, 6965537
List the prime factors of 556192883.
109, 1667, 3061
List the prime factors of 984984088.
2, 11, 157, 71293
What are the prime factors of 109772363?
73, 1503731
List the prime factors of 48939071.
2777, 17623
List the prime factors of 3322429761.
3, 7, 157, 359, 401
What are the prime factors of 3500491771?
7, 19, 59, 61, 71, 103
What are the prime factors of 536422795?
5, 523, 205133
List the prime factors of 3772362485.
5, 29, 2843, 9151
List the prime factors of 180310635.
3, 5, 353, 11351
List the prime factors of 6170105048.
2, 71, 10862861
What are the prime factors of 985463137?
985463137
What are the prime factors of 32843398?
2, 7, 2345957
What are the prime factors of 48710452?
2, 7, 19, 61, 79
List the prime factors of 799154151.
3, 4157, 64081
List the prime factors of 23688367.
23, 1029929
What are the prime factors of 25021948?
2, 7, 127663
What are the prime factors of 2161603116?
2, 3, 3779, 15889
What are the prime factors of 583426255?
5, 19, 1321, 4649
What are the prime factors of 994771575?
3, 5, 7, 17, 53, 701
List the prime factors of 90266707.
41, 2201627
What are the prime factors of 15433374?
2, 3, 11, 197, 1187
List the prime factors of 71188767.
3, 13, 202817
List the prime factors of 267837424.
2, 1931, 8669
List the prime factors of 1098821930.
2, 5, 37, 47, 179, 353
What are the prime factors of 405616389?
3, 19, 61, 116657
List the prime factors of 527107870.
2, 5, 52710787
What are the prime factors of 17727574?
2, 8863787
List the prime factors of 133765635.
3, 5, 8917709
What are the prime factors of 277983098?
2, 47, 2957267
List the prime factors of 22454840.
2, 5, 227, 2473
What are the prime factors of 215733443?
7177, 30059
What are the prime factors of 5396802?
2, 3, 899467
List the prime factors of 94552319.
94552319
What are the prime factors of 2033618292?
2, 3, 18829799
What are the prime factors of 175604198?
2, 7, 11, 571, 1997
List the prime factors of 78304300.
2, 5, 783043
What are the prime factors of 7100835675?
3, 5, 9431, 10039
What are the prime factors of 2653159143?
3, 4129, 214189
What are the prime factors of 347968123?
347968123
What are the prime factors of 189830443?
11, 79, 218447
List the prime factors of 177927440.
2, 5, 17, 130829
List the prime factors of 575712219.
3, 191904073
What are the prime factors of 946379306?
2, 71, 6664643
List the prime factors of 411766115.
5, 82353223
List the prime factors of 2555720300.
2, 5, 7, 151, 24179
What are the prime factors of 122341665?
3, 5, 19, 43, 67, 149
List the prime factors of 171809725.
5, 43, 181, 883
What are the prime factors of 194144981?
17, 11420293
What are the prime factors of 20613997?
20613997
List the prime factors of 262377930.
2, 3, 5, 787, 11113
What are the prime factors of 2995574127?
3, 7, 13, 139, 78941
What are the prime factors of 8182217705?
5, 2551, 641491
List the prime factors of 2461070013.
3, 820356671
List the prime factors of 92777233.
73, 367, 3463
What are the prime factors of 1142002952?
2, 2351, 60719
List the prime factors of 1584802117.
157, 10094281
List the prime factors of 598676057.
7, 43, 389, 5113
What are the prime factors of 339379229?
7, 48482747
What are the prime factors of 4087568289?
3, 7, 27806587
What are the prime factors of 353596182?
2, 3, 5939, 9923
What are the prime factors of 2895342683?
19, 152386457
List the prime factors of 136139935.
5, 43, 633209
What are the prime factors of 265950773?
11, 24177343
List the prime factors of 370782562.
2, 1213, 152837
What are the prime factors of 46457318?
2, 19, 1222561
List the prime factors of 471116045.
5, 1367, 68927
List the prime factors of 855813084.
2, 3, 7, 29, 257, 1367
What are the prime factors of 4758587?
4758587
List the prime factors of 25047833.
19, 73, 18059
List the prime factors of 934733273.
419, 2230867
List the prime factors of 3774815531.
211, 17890121
List the prime factors of 730144145.
5, 146028829
List the prime factors of 201065740.
2, 5, 271, 37097
What are the prime factors of 1906415902?
2, 4561, 208991
List the prime factors of 400260472.
2, 103, 485753
List the prime factors of 1070295399.
3, 89, 151, 8849
List the prime factors of 339311638.
2, 1049, 161731
List the prime factors of 91650563.
71, 1290853
What are the prime factors of 1579702123?
19, 23, 29, 31, 4021
What are the prime factors of 487942023?
3, 29, 113, 49633
List the prime factors of 191547761.
103, 1859687
List the prime factors of 3290661624.
2, 3, 137110901
What are the prime factors of 4980308545?
5, 5417, 183877
List the prime factors of 5701614492.
2, 3, 7, 193, 351691
List the prime factors of 133424158.
2, 7, 1361471
List the prime factors of 798139194.
2, 3, 19, 7001221
What are the prime factors of 52035178?
2, 13, 2001353
What are the prime factors of 23244484?
2, 5811121
List the prime factors of 26165790.
2, 3, 5, 7, 41, 1013
What are the prime factors of 2779879562?
2, 1389939781
What are the prime factors of 2532732?
2, 3, 211061
List the prime factors of 2652975928.
2, 19, 73, 373, 641
List the prime factors of 2442110553.
3, 47, 641479
What are the prime factors of 2070889485?
3, 5, 7, 179, 110183
What are the prime factors of 292971955?
5, 58594391
List the prime factors of 26602800.
2, 3, 5, 7, 3167
List the prime factors of 203518429.
1789, 113761
List the prime factors of 4986663270.
2, 3, 5, 67, 2480927
List the prime factors of 344913588.
2, 3, 29, 67, 4931
List the prime factors of 1954598083.
307, 1109, 5741
What are the prime factors of 7676689037?
89, 86254933
List the prime factors of 58082026.
2, 29041013
List the prime factors of 1294541728.
2, 499, 81071
What are the prime factors of 180454125?
3, 5, 481211
List the prime factors of 2551164461.
103, 271, 91397
List the prime factors of 81630453.
3, 59, 487, 947
List the prime factors of 2717791535.
5, 401, 1355507
What are the prime factors of 881015707?
11, 13, 6160949
What are the prime factors of 26980126?
2, 1787, 7549
What are the prime factors of 987768948?
2, 3, 23, 3578873
List the prime factors of 298684714.
2, 149342357
List the prime factors of 1179150824.
2, 147393853
List the prime factors of 179114942.
2, 89557471
List the prime factors of 536295800.
2, 5, 443, 6053
List the prime factors of 71054254.
2, 17, 2089831
List the prime factors of 355632429.
3, 118544143
What are the prime factors of 26116555?
5, 293, 17827
List the prime factors of 4249850.
2, 5, 11, 7727
List the prime factors of 3427306869.
3, 7, 163205089
List the prime factors of 757588598.
2, 13, 73, 399151
List the prime factors of 155986361.
71, 1249, 1759
What are the prime factors of 1756683925?
5, 149, 471593
What are the prime factors of 33074669?
1567, 21107
List the prime factors of 101456592.
2, 3, 2113679
List the prime factors of 58025517.
3, 11, 149, 11801
What are the prime factors of 37038057?
3, 7, 1763717
List the prime factors of 45794092.
2, 11448523
List the prime factors of 177061152.
2, 3, 19, 97073
What are the prime factors of 36603454?
2, 18301727
What are the prime factors of 373705682?
2, 7, 31, 199, 4327
What are the prime factors of 499769776?
2, 11, 2839601
List the prime factors of 49972906.
2, 24986453
What are the prime factors of 1253781646?
2, 13, 251, 192121
What are 